859 is divided by 3617?
8
Calculate the remainder when 3618 is divided by 884.
82
What is the remainder when 51573 is divided by 353?
35
Calculate the remainder when 6050 is divided by 55.
0
What is the remainder when 47852 is divided by 142?
140
What is the remainder when 3020 is divided by 90?
50
Calculate the remainder when 1962 is divided by 137.
44
What is the remainder when 337 is divided by 126?
85
What is the remainder when 8513 is divided by 42?
29
Calculate the remainder when 1034 is divided by 233.
102
What is the remainder when 11719 is divided by 64?
7
What is the remainder when 4772 is divided by 360?
92
Calculate the remainder when 4569 is divided by 329.
292
Calculate the remainder when 2126 is divided by 488.
174
Calculate the remainder when 359391 is divided by 281.
273
What is the remainder when 4503 is divided by 595?
338
Calculate the remainder when 22922 is divided by 7599.
125
Calculate the remainder when 143120 is divided by 71553.
14
What is the remainder when 973 is divided by 56?
21
What is the remainder when 5782 is divided by 1924?
10
Calculate the remainder when 564753 is divided by 95.
73
Calculate the remainder when 5635 is divided by 2079.
1477
Calculate the remainder when 211399 is divided by 79.
74
Calculate the remainder when 117096 is divided by 27.
24
Calculate the remainder when 6358 is divided by 277.
264
Calculate the remainder when 200444 is divided by 108.
104
What is the remainder when 61738 is divided by 254?
16
What is the remainder when 13517 is divided by 540?
17
Calculate the remainder when 5468 is divided by 5427.
41
What is the remainder when 12657803 is divided by 12?
11
What is the remainder when 6499 is divided by 932?
907
What is the remainder when 54241 is divided by 10?
1
Calculate the remainder when 27526 is divided by 654.
58
Calculate the remainder when 209161 is divided by 23.
22
What is the remainder when 23459 is divided by 23457?
2
What is the remainder when 739 is divided by 276?
187
Calculate the remainder when 10632 is divided by 1329.
0
What is the remainder when 539 is divided by 71?
42
Calculate the remainder when 1241 is divided by 28.
9
Calculate the remainder when 36784 is divided by 12259.
7
What is the remainder when 745 is divided by 78?
43
What is the remainder when 38968 is divided by 6493?
10
Calculate the remainder when 4477 is divided by 3411.
1066
Calculate the remainder when 682 is divided by 26.
6
Calculate the remainder when 2639 is divided by 827.
158
What is the remainder when 23239 is divided by 7529?
652
Calculate the remainder when 8803 is divided by 22.
3
What is the remainder when 5258 is divided by 525?
8
Calculate the remainder when 2680 is divided by 2641.
39
What is the remainder when 1642079 is divided by 330?
329
What is the remainder when 82534 is divided by 1352?
62
What is the remainder when 8107 is divided by 579?
1
What is the remainder when 6277 is divided by 161?
159
Calculate the remainder when 57502 is divided by 217.
214
What is the remainder when 130727 is divided by 209?
102
Calculate the remainder when 114865 is divided by 30.
25
Calculate the remainder when 28024 is divided by 4.
0
Calculate the remainder when 180803 is divided by 36160.
3
What is the remainder when 3260395 is divided by 749?
747
What is the remainder when 26376 is divided by 194?
186
Calculate the remainder when 848453 is divided by 14.
11
Calculate the remainder when 346755 is divided by 9907.
10
Calculate the remainder when 14347 is divided by 99.
91
What is the remainder when 24555 is divided by 501?
6
What is the remainder when 56452 is divided by 2971?
3
What is the remainder when 134457 is divided by 270?
267
Calculate the remainder when 220604 is divided by 110299.
6
What is the remainder when 135653 is divided by 6?
5
Calculate the remainder when 13422 is divided by 219.
63
What is the remainder when 13997 is divided by 36?
29
What is the remainder when 44418 is divided by 51?
48
Calculate the remainder when 1683 is divided by 210.
3
Calculate the remainder when 39513 is divided by 19726.
61
Calculate the remainder when 4630 is divided by 1538.
16
What is the remainder when 5473 is divided by 36?
1
What is the remainder when 9893 is divided by 1940?
193
Calculate the remainder when 35796 is divided by 11.
2
Calculate the remainder when 74442 is divided by 1034.
1028
Calculate the remainder when 5975 is divided by 2980.
15
What is the remainder when 487449 is divided by 49?
46
Calculate the remainder when 12459 is divided by 377.
18
Calculate the remainder when 13554 is divided by 3125.
1054
What is the remainder when 69630 is divided by 34?
32
What is the remainder when 62770 is divided by 4?
2
Calculate the remainder when 31377 is divided by 313.
77
What is the remainder when 66757 is divided by 373?
363
What is the remainder when 5984 is divided by 2928?
128
Calculate the remainder when 8993 is divided by 475.
443
What is the remainder when 44304 is divided by 534?
516
What is the remainder when 1980 is divided by 395?
5
Calculate the remainder when 26922 is divided by 127.
125
What is the remainder when 4815 is divided by 426?
129
Calculate the remainder when 36708 is divided by 9.
6
Calculate the remainder when 4519 is divided by 922.
831
Calculate the remainder when 39156 is divided by 145.
6
What is the remainder when 1299 is divided by 183?
18
Calculate the remainder when 1296 is divided by 238.
106
Calculate the remainder when 7816 is divided by 320.
136
What is the remainder when 14240 is divided by 14231?
9
Calculate the remainder when 36160 is divided by 338.
332
What is the remainder when 50350 is divided by 1399?
1385
What is the remainder when 17250 is divided by 958?
6
What is the remainder when 14143 is divided by 4688?
79
What is the remainder when 5725 is divided by 1430?
5
What is the remainder when 232929 is divided by 70?
39
Calculate the remainder when 2533 is divided by 252.
13
What is the remainder when 4122 is divided by 2044?
34
Calculate the remainder when 170259 is divided by 1290.
1269
What is the remainder when 66823 is divided by 309?
79
Calculate the remainder when 47753 is divided by 373.
9
What is the remainder when 3010 is divided by 410?
140
Calculate the remainder when 1324 is divided by 426.
46
What is the remainder when 31898 is divided by 431?
4
Calculate the remainder when 404149 is divided by 118.
117
Calculate the remainder when 6873 is divided by 1378.
1361
Calculate the remainder when 3463 is divided by 177.
100
Calculate the remainder when 7331 is divided by 661.
60
Calculate the remainder when 85769 is divided by 2382.
17
Calculate the remainder when 4308 is divided by 14.
10
Calculate the remainder when 20950 is divided by 2326.
16
Calculate the remainder when 17989 is divided by 10.
9
What is the remainder when 273538 is divided by 564?
562
Calculate the remainder when 12159 is divided by 6078.
3
Calculate the remainder when 14002 is divided by 357.
79
Calculate the remainder when 947 is divided by 678.
269
What is the remainder when 422 is divided by 361?
61
What is the remainder when 215650 is divided by 53907?
22
What is the remainder when 316847 is divided by 18?
11
What is the remainder when 96881 is divided by 134?
133
What is the remainder when 818 is divided by 205?
203
Calculate the remainder when 5752 is divided by 1148.
12
What is the remainder when 11631 is divided by 1938?
3
What is the remainder when 59669 is divided by 102?
101
What is the remainder when 37791 is divided by 525?
516
Calculate the remainder when 10195 is divided by 319.
306
Calculate the remainder when 13445 is divided by 946.
201
What is the remainder when 17224 is divided by 23?
20
Calculate the remainder when 12707 is divided by 31.
28
What is the remainder when 32944 is divided by 891?
868
What is the remainder when 827 is divided by 391?
45
What is the remainder when 351 is divided by 157?
37
What is the remainder when 823664 is divided by 1175?
1164
Calculate the remainder when 8392 is divided by 772.
672
Calculate the remainder when 33571 is divided by 33569.
2
What is the remainder when 4053 is divided by 192?
21
What is the remainder when 196547 is divided by 158?
153
What is the remainder when 3914 is divided by 24